(r).
11
Let l be (-3 - 5)/(6 + -8). Let f(y) = 2*y**2 - 4*y + 3. What is f(l)?
19
Let q = -5 + 9. Let j(b) = -2*b**3 - 3*b + 0*b**3 - 2 + 3*b**3 - 3*b**2. What is j(q)?
2
Let s(m) = 2 + 1 - 3*m + 0. Let v(t) = t**2 - 4*t + 4. Let i(w) = 5*s(w) - 4*v(w). Determine i(1).
-4
Let c be (-6)/(-21) - (-66)/14. Let f(z) be the third derivative of -z**5/60 + z**4/6 + z**3/2 - 155*z**2. Determine f(c).
-2
Let d(w) be the first derivative of -w**2 + 0*w - w**3 - 1/24*w**4 - 2. Let h(c) be the second derivative of d(c). What is h(-3)?
-3
Let v(b) = 24*b + 6 + b**2 - 15*b - 16*b. What is v(5)?
-4
Let z(y) be the third derivative of -y**5/60 + y**4/4 - y**3 + 15*y**2. Let r = -7 + 11. Give z(r).
2
Let l(g) = 5*g - 1. Suppose 2*y - 2*h = 6, -4*y + 3*h = -4 - 9. Let b(d) = -4*d + 1. Let o(u) = y*b(u) + 3*l(u). Suppose 5*i = 14 + 11. Calculate o(i).
-4
Let k(i) = -30*i**3 + 8*i**2 - 6*i + 8. Let a(u) = -10*u**3 + 3*u**2 - 2*u + 3. Let x(j) = -11*a(j) + 4*k(j). Calculate x(-1).
10
Let r(c) = -5*c**2 - 11*c - 1. Let z(m) = 4*m**2 + 10*m + 1. Let y(b) = 3*r(b) + 4*z(b). Determine y(-5).
-9
Let k(f) = -4*f**2 - 9*f + 3*f**3 + 3 + 17*f**2 - 4*f**2 - 4*f**3. What is k(8)?
-5
Suppose 0 = -0*h + 3*h. Let r(x) = -1 - x**2 + x + 0*x + 2. Calculate r(h).
1
Suppose -3*d = 2*d - 30. Let p(o) = o + 2. Calculate p(d).
8
Let i(t) be the second derivative of -11*t**3/6 - t**2/2 - 20*t. Calculate i(1).
-12
Let y(w) = -w**3 + 1. Let a be y(0). Let m(b) = -3*b**3 + b. Let j be m(a). Let g(x) = -42*x - 4*x**2 - 1 + 40*x + x**2. What is g(j)?
-9
Suppose -c + 4*c = -15. Let t(d) = d**2 + 2*d - 7. Give t(c).
8
Let q(f) = -f**3 - 5*f**2 + 4. Suppose -m - 3*m - 20 = 0. Let a be q(m). Suppose a*l = -3*r - 15, -5*l = r + 4*r + 20. Let j(t) = -7*t**2 - t - 1. What is j(r)?
-7
Let z(u) = -u + 7. Let h(s) = -7*s**2 + s - 6. Let k(l) = -l**2 - 1. Let b(m) = h(m) - 6*k(m). Suppose -2*p + 6*p = 0. Let a be b(p). Determine z(a).
7
Suppose -1644 = -4*o + 3*t, 233 = -2*o + 2*t + 1055. Let k(m) = -m - o + 411. Calculate k(6).
-6
Let f(d) be the third derivative of -d**4/24 - d**3/2 - 4*d**2. Let w be f(-6). Let n = 1 - w. Let j(k) = -2*k - 1. What is j(n)?
3
Let l = -5 - -8. Let z(c) = -3 - c - l - 1. Let t be z(-8). Let n(x) = 8*x. Calculate n(t).
8
Let k(g) be the second derivative of -g**4/12 + 4*g**3/3 + 2*g**2 + 10*g. Determine k(9).
-5
Let k be 2/5*(-40)/16. Let x(w) = -10*w**2 - 2*w - 1. Give x(k).
-9
Let u(d) = 3*d + 7. Let l(x) = -x - 1. Let k(a) = -4*l(a) - u(a). What is k(-4)?
-7
Let z(r) be the first derivative of r**2/2 + 2*r + 5. Let m be -2 + (6 - (0 - -1)). Suppose -m*o - o = 0. Determine z(o).
2
Let q(r) = 2*r**2 - 8*r + 7. Let x(g) = 5*g**2 - 16*g + 15. Let m(o) = -7*q(o) + 3*x(o). Calculate m(-7).
-11
Suppose -18*u + 15*u = -6. Let t(q) = -3*q - q**3 - 20*q**2 + 16*q**u + 2*q. Give t(-4).
4
Let y(n) = -8*n**3 + 6*n**2 - 11. Let r(z) = -3*z**3 + 2*z**2 - 4. Let x = 19 + -30. Let k(o) = x*r(o) + 4*y(o). Calculate k(-2).
0
Let z(b) = b**2 - 8*b + 12. Let p be z(6). Let n(s) = s - 8. Calculate n(p).
-8
Let p(k) = -k - 1. Let j be p(-1). Let d(v) = -v**2 + v - 10. Give d(j).
-10
Let t(x) = -5*x + 1. Suppose 66 = -5*b - 24. Let a be (-2)/9 - 58/b. Determine t(a).
-14
Suppose 2*w = -w - 24. Let g = w - -8. Let v(b) = -10*b**2 + 4*b - 7. Let y(n) = -7*n**2 + 3*n - 5. Let h(f) = 5*v(f) - 7*y(f). Determine h(g).
0
Let x(f) be the first derivative of -f**4/4 + 2*f**3/3 + 4*f + 11. Calculate x(3).
-5
Let h(b) = -b - 4. Let g(m) = 4*m + 13 - 11 + 14. Let s(j) = 2*g(j) + 9*h(j). What is s(-5)?
1
Let g(v) be the third derivative of -v**6/120 - 7*v**5/60 - 5*v**4/24 - v**3/2 + 21*v**2. Calculate g(-6).
-9
Let j be 276/(-34) + 20/170. Let h(b) = -b**3 - 8*b**2 - b + 7. Calculate h(j).
15
Let m(k) = 3*k**2 - 2*k**2 - 7 + 6*k + 8. What is m(-4)?
-7
Let i(g) = -3*g. Let f(s) = 7*s + 1. Let n(y) = -4*f(y) - 10*i(y). Calculate n(6).
8
Let l(c) = 2*c + 5. Suppose -g = 2*g + x + 15, -g - 5 = -3*x. Give l(g).
-5
Let m = 82 + -83. Let y(g) be the second derivative of g + g**2 + 0 + 1/6*g**3. Determine y(m).
1
Let j = 20 - 16. Let c(a) = a**3 - 4*a**2 + a + 1. Give c(j).
5
Let i be 1 - -2 - (-8)/4. Suppose -1 + i = -4*o. Let z(v) = -7*v - 5. Let w(l) = -l - 1. Let p(h) = 6*w(h) - z(h). Calculate p(o).
-2
Let i(y) = -y**2 + 3*y. Suppose 0 = 4*c + c - 10. Let g be i(c). Let n(k) = -5*k - 6 + k - k - k**g. Determine n(-4).
-2
Suppose -4*t = 3*k + 27, 4*t = 5*k - 17 - 2. Let m = t + 8. Let q(c) = -c**3 + 3*c**2 - 3*c + 2. Give q(m).
0
Let n(q) be the second derivative of q**4/12 + q**3 - 4*q**2 + 8*q. Determine n(-6).
-8
Let m(p) be the third derivative of -p**4/12 - p**3/2 + 2*p**2. Let d = -2 - -4. Suppose -7 = j + 4*k + 1, -d*j - 12 = 4*k. Give m(j).
5
Let w(q) = q**2 - 4*q + 6. Let d(l) be the first derivative of -l**3/3 - 5*l**2/2 + 5*l - 2. Let x be d(-5). What is w(x)?
11
Let d(x) be the third derivative of -x**8/20160 + x**7/5040 + x**6/180 - x**5/60 - 3*x**2. Let r(c) be the third derivative of d(c). Calculate r(3).
-2
Let y(a) = -a**3 + a + 6. Let i be y(0). Suppose 0 = -i*v + 3*v + 54. Suppose 3*t - 2*q = -7*q, 0 = 3*t - q + v. Let k(r) = -r**2 - 5*r - 2. Determine k(t).
-2
Suppose -3 = 5*n - 2*f, 7 = -3*n - 2*n + 3*f. Let b(c) = 7*c + 3*c + n - 12*c. Calculate b(-3).
7
Let o be 4/10 - 104/10. Suppose 10 = 5*l + 5*c, -l + 6 = 5*c + 4. Let z be 4/o*(l - -8). Let j(m) = -m**3 - 4*m**2 - 4. Give j(z).
-4
Let c(y) = -y**2 + 10*y - 8. Let o be c(9). Let n(b) = -10*b**2 + 1. Give n(o).
-9
Let c(b) = -b**3 + 6*b**2 + 8*b - 2. Let r be c(7). Let t(a) = a**2 + a**2 + 3*a**3 - r*a**3 + 2. Let j = -2 + 4. Determine t(j).
-6
Suppose 13*h - 65 = 8*h. Let g = -7 + h. Let f(w) = w**3 - 5*w**2 - 7*w - 3. Determine f(g).
-9
Let c(o) = o**3 - 7*o**2 - 2*o - 3. Let b(n) = -n**2 + 1. Let u(d) = 2*b(d) - c(d). Determine u(6).
-19
Let z(o) = 0*o**3 - 6*o**2 - 2*o**2 - 6 - o**3 - o. Let f be z(-8). Let g(b) = -15*b. Let t(i) = 8*i. Let h(l) = -3*g(l) - 5*t(l). Give h(f).
10
Suppose -3*d + b + 4 = -4*d, -b - 8 = -3*d. Let s(n) be the second derivative of 5*n**3/3 - n**2/2 - n. Calculate s(d).
9
Let l(v) = -v**3 + v - 1. Let r be l(1). Let h(d) = -4*d**2 - 2*d - 1. Determine h(r).
-3
Let q(l) = 7 + 9*l - 18*l + 2*l + 9*l. Give q(-5).
-3
Let u(n) = -9*n**3 + 7*n**2 - 2*n - 15. Let o(w) = 5*w**3 - 4*w**2 + w + 7. Let s(r) = 7*o(r) + 4*u(r). Calculate s(0).
-11
Let f(h) be the third derivative of h**6/60 + 2*h**5/15 + h**4/6 + h**3/6 + h**2. Let i(z) = -3*z**3 - 9*z**2 - 3*z - 2. Let d(r) = -4*f(r) - 3*i(r). Give d(6).
-4
Let u(p) = -p - 1. Let b(g) = 2*g**2 - 4*g - 4. Let l(j) = -b(j) + 3*u(j). What is l(-1)?
-2
Suppose -25*i + 23*i - 4*v - 12 = 0, -4*i = -v - 21. Let f(y) = -2*y - 1. What is f(i)?
-9
Let c(u) = -u**3 + 5*u**2 - 4*u - 3. Suppose -4*s + 3*y + 7 = 0, 11 = -0*s - s + 5*y. Give c(s).
-3
Suppose -5*r - 16 = -r. Let t(m) be the third derivative of -m**4/12 - 5*m**3/6 - 4*m**2. Let v be t(r). Let u(x) = x**3 - 4*x**2 + 2*x + 1. Determine u(v).
-2
Let t be 18/(-4)*(-2)/3. Suppose 0*y - t*y = -w - 13, -20 = 5*w. Let q(c) = 6*c**2 - c - 4*c - 9 - c**y + 15. Calculate q(5).
6
Suppose g + 11 = -3*k, 2*k - 3 = g - 17. Let x = 3 - g. Let r(v) = 7*v**2 - v - 1. What is r(x)?
7
Let y = -13 + 9. Let z(v) = -5 + 3*v - 4*v - v. Calculate z(y).
3
Let n(s) be the second derivative of -s**4/24 - 2*s**3/3 - s**2 - 2*s. Let r(b) be the first derivative of n(b). Give r(-3).
-1
Suppose 28 = 5*o - 2. Let z(n) = -6*n - 2*n**3 - 2*n**2 + 9*n**2 - 2 + n**3. Determine z(o).
-2
Let j(i) = 7*i**2 + 3 + 3 + 4. Let x(n) = -n**2 - n - 9 - 5*n**2 + 0*n**2. Let r(z) = 5*j(z) + 6*x(z). Give r(-4).
4
Let c(v) = -1 + v + v - 6*v - 7 + v**2 + 5. Let o be (2/(-4))/((-1)/10). Suppose 10 = -l + 6*l - o*q, 3*q - 15 = -4*l. Give c(l).
-6
Let w be (0 - -3)*(-2)/(-3). Let i be (8/12)/((-4)/(-42)). Let n(x) = -4*x**2 - x**3 + i*x**2 + 2 - 1. What is n(w)?
5
Let m(d) = d**3 - 3 - 3*d**2 + 4*d**2 + 2*d + 0*d**3 - 2*d**2. Suppose 2*v + 0*v = 4. Give m(v).
5
Let c(w) = 2*w - 2. Let u be c(2). Let s(l) = 2*l**3 - 3*l**2 + 2. What is s(u)?
6
Let n be (1*-1)/((-17)/(-85)). Let x(z) = -z**2 - 8*z - 1. Calculate x(n).
14
Let o(g) = g**2. Let j(d) = d**2 + 4*d + 1. Let v be j(-4). Let c(f) be the third derivative of -f**4/24 - 11*f**2. Let h(w) = v*o(w) - 5*c(w)